is the remainder when 857 is divided by 56?
17
Calculate the remainder when 89 is divided by 35.
19
What is the remainder when 46 is divided by 28?
18
Calculate the remainder when 220 is divided by 78.
64
Calculate the remainder when 471 is divided by 120.
111
Calculate the remainder when 139 is divided by 12.
7
Calculate the remainder when 176 is divided by 23.
15
What is the remainder when 1012 is divided by 40?
12
Calculate the remainder when 7743 is divided by 310.
303
Calculate the remainder when 165 is divided by 96.
69
What is the remainder when 483 is divided by 22?
21
What is the remainder when 4218 is divided by 192?
186
What is the remainder when 1161 is divided by 45?
36
Calculate the remainder when 463 is divided by 19.
7
What is the remainder when 157 is divided by 46?
19
What is the remainder when 1719 is divided by 192?
183
Calculate the remainder when 5875 is divided by 15.
10
Calculate the remainder when 63 is divided by 27.
9
What is the remainder when 1823 is divided by 76?
75
Calculate the remainder when 133 is divided by 9.
7
Calculate the remainder when 333 is divided by 83.
1
What is the remainder when 713 is divided by 34?
33
What is the remainder when 97 is divided by 51?
46
What is the remainder when 338 is divided by 35?
23
Calculate the remainder when 3637 is divided by 243.
235
Calculate the remainder when 122 is divided by 39.
5
What is the remainder when 805 is divided by 222?
139
What is the remainder when 704 is divided by 5?
4
Calculate the remainder when 74 is divided by 15.
14
Calculate the remainder when 143 is divided by 107.
36
Calculate the remainder when 952 is divided by 332.
288
What is the remainder when 35 is divided by 16?
3
Calculate the remainder when 368 is divided by 128.
112
What is the remainder when 2807 is divided by 22?
13
What is the remainder when 583 is divided by 46?
31
What is the remainder when 1846 is divided by 614?
4
Calculate the remainder when 26 is divided by 6.
2
Calculate the remainder when 636 is divided by 58.
56
Calculate the remainder when 2106 is divided by 6.
0
What is the remainder when 309 is divided by 302?
7
Calculate the remainder when 223 is divided by 107.
9
Calculate the remainder when 881 is divided by 52.
49
What is the remainder when 3632 is divided by 22?
2
What is the remainder when 2215 is divided by 550?
15
Calculate the remainder when 9508 is divided by 3169.
1
What is the remainder when 48 is divided by 46?
2
Calculate the remainder when 1090 is divided by 39.
37
Calculate the remainder when 555 is divided by 9.
6
Calculate the remainder when 1166 is divided by 560.
46
Calculate the remainder when 115 is divided by 29.
28
Calculate the remainder when 30867 is divided by 17.
12
Calculate the remainder when 392 is divided by 37.
22
Calculate the remainder when 1348 is divided by 45.
43
Calculate the remainder when 1160 is divided by 49.
33
What is the remainder when 163 is divided by 14?
9
What is the remainder when 792 is divided by 47?
40
What is the remainder when 9 is divided by 9?
0
Calculate the remainder when 134 is divided by 47.
40
What is the remainder when 177 is divided by 26?
21
What is the remainder when 939 is divided by 71?
16
Calculate the remainder when 81 is divided by 45.
36
What is the remainder when 425 is divided by 204?
17
What is the remainder when 134 is divided by 72?
62
Calculate the remainder when 362 is divided by 114.
20
Calculate the remainder when 2413 is divided by 23.
21
What is the remainder when 223 is divided by 47?
35
What is the remainder when 14 is divided by 3?
2
Calculate the remainder when 406 is divided by 68.
66
Calculate the remainder when 316 is divided by 11.
8
What is the remainder when 1064 is divided by 284?
212
Calculate the remainder when 2310 is divided by 31.
16
Calculate the remainder when 232 is divided by 30.
22
What is the remainder when 444 is divided by 434?
10
Calculate the remainder when 64 is divided by 60.
4
Calculate the remainder when 181 is divided by 46.
43
What is the remainder when 6757 is divided by 20?
17
Calculate the remainder when 507 is divided by 121.
23
Calculate the remainder when 769 is divided by 77.
76
What is the remainder when 591 is divided by 1?
0
What is the remainder when 2523 is divided by 16?
11
What is the remainder when 318 is divided by 27?
21
Calculate the remainder when 374 is divided by 14.
10
Calculate the remainder when 45 is divided by 27.
18
Calculate the remainder when 1065 is divided by 13.
12
Calculate the remainder when 28 is divided by 5.
3
Calculate the remainder when 303 is divided by 22.
17
What is the remainder when 208 is divided by 111?
97
What is the remainder when 305 is divided by 64?
49
Calculate the remainder when 10031 is divided by 48.
47
What is the remainder when 6861 is divided by 52?
49
What is the remainder when 741 is divided by 8?
5
What is the remainder when 566 is divided by 7?
6
What is the remainder when 303 is divided by 18?
15
What is the remainder when 164 is divided by 43?
35
What is the remainder when 36791 is divided by 168?
167
Calculate the remainder when 184 is divided by 80.
24
What is the remainder when 165 is divided by 15?
0
What is the remainder when 5537 is divided by 191?
189
Calculate the remainder when 160 is divided by 24.
16
What is the remainder when 51 is divided by 27?
24
What is the remainder when 1153 is divided by 16?
1
Calculate the remainder when 221 is divided by 72.
5
Calculate the remainder when 385 is divided by 127.
4
Calculate the remainder when 93 is divided by 40.
13
What is the remainder when 335 is divided by 104?
23
What is the remainder when 262 is divided by 6?
4
What is the remainder when 301 is divided by 51?
46
Calculate the remainder when 810 is divided by 116.
114
What is the remainder when 8605 is divided by 118?
109
What is the remainder when 268 is divided by 68?
64
What is the remainder when 18 is divided by 17?
1
Calculate the remainder when 478 is divided by 20.
18
Calculate the remainder when 45 is divided by 32.
13
Calculate the remainder when 11338 is divided by 17.
16
Calculate the remainder when 562 is divided by 10.
2
Calculate the remainder when 658 is divided by 57.
31
What is the remainder when 2505 is divided by 10?
5
Calculate the remainder when 111 is divided by 23.
19
Calculate the remainder when 4925 is divided by 28.
25
What is the remainder when 1726 is divided by 72?
70
Calculate the remainder when 186 is divided by 95.
91
Calculate the remainder when 785 is divided by 96.
17
Calculate the remainder when 343 is divided by 201.
142
Calculate the remainder when 750 is divided by 16.
14
What is the remainder when 270 is divided by 83?
21
Calculate the remainder when 2076 is divided by 33.
30
Calculate the remainder when 108 is divided by 44.
20
What is the remainder when 265 is divided by 83?
16
Calculate the remainder when 380 is divided by 37.
10
What is the remainder when 439 is divided by 200?
39
Calculate the remainder when 2188 is divided by 2164.
24
What is the remainder when 4225 is divided by 7?
4
What is the remainder when 523 is divided by 244?
35
Calculate the remainder when 633 is divided by 29.
24
What is the remainder when 560 is divided by 177?
29
What is the remainder when 633 is divided by 28?
17
Calculate the remainder when 292 is divided by 6.
4
What is the remainder when 342 is divided by 69?
66
Calculate the remainder when 54 is divided by 15.
9
Calculate the remainder when 395 is divided by 30.
5
Calculate the remainder when 199 is divided by 52.
43
Calculate the remainder when 1564 is divided by 16.
12
What is the remainder when 5856 is divided by 21?
18
Calculate the remainder when 1189 is divided by 567.
55
Calculate the remainder when 70 is divided by 17.
2
What is the remainder when 1750 is divided by 13?
8
Calculate the remainder when 366 is divided by 100.
66
Calculate the remainder when 335 is divided by 6.
5
What is the remainder when 26 is divided by 9?
8
What is the remainder when 288 is divided by 15?
3
Calculate the remainder when 797 is divided by 91.
69
What is the remainder when 158 is divided by 32?
30
What is the remainder when 396 is divided by 45?
36
Calculate the remainder when 2165 is divided by 433.
0
Calculate